{"id":989,"date":"2022-01-24T18:35:54","date_gmt":"2022-01-24T17:35:54","guid":{"rendered":"https:\/\/events.esgrima.cat\/ciutatbarcelona\/?page_id=989"},"modified":"2025-09-04T11:19:05","modified_gmt":"2025-09-04T09:19:05","slug":"presentacio","status":"publish","type":"page","link":"https:\/\/events.esgrima.cat\/sabadell\/presentacio\/","title":{"rendered":"Presentaci\u00f3"},"content":{"rendered":"<p>[vc_row][vc_column][vc_column_text]El 25 d&#8217;octubre de 2025 tindr\u00e0 lloc una nova edici\u00f3 de la <strong>COPA DEL M\u00d3N SAT\u00c8L\u00b7LIT D&#8217;ESGRIMA SABADELL<\/strong>, prova oficial del circuit internacional d&#8217;esgrima en la modalitat de floret mascul\u00ed i femen\u00ed s\u00e8nior.<\/p>\n<p>Aprofitant aquest escenari fant\u00e0stic i l&#8217;\u00e8xit de les edicions anteriors, s&#8217;organitza una vegada m\u00e9s l&#8217;<strong>OPEN INTERNACIONAL<\/strong>, prova de floret s\u00e8nior, en modalitat masculina i femenina. La competici\u00f3 forma part del R\u00e0nquing Estatal, amb inscripci\u00f3 oberta a tiradors internacionals.<\/p>\n<p>La Federaci\u00f3 Catalana d\u2019Esgrima, el Club d\u2019Esgrima Sabadell i la Reial Federaci\u00f3 Espanyola d\u2019Esgrima, amb la col\u00b7laboraci\u00f3 de l\u2019Ajuntament de Sabadell, el Consell Catal\u00e0 de l\u2019Esport i la Uni\u00f3 de Federacions Esportives de Catalunya, organitzen aquesta prestigiosa competici\u00f3.[\/vc_column_text][\/vc_column][\/vc_row]<\/p>\n","protected":false},"excerpt":{"rendered":"<p>[vc_row][vc_column][vc_column_text]El 25 d&#8217;octubre de 2025 tindr\u00e0 lloc una nova edici\u00f3 de la COPA DEL M\u00d3N SAT\u00c8L\u00b7LIT D&#8217;ESGRIMA SABADELL, prova oficial del circuit internacional d&#8217;esgrima en&hellip;<\/p>\n<p><a href=\"https:\/\/events.esgrima.cat\/sabadell\/presentacio\/\" class=\"read-more-link\"><span class=\"read-more-icon\"><\/span>Read more<\/a><\/p>\n","protected":false},"author":6,"featured_media":0,"parent":0,"menu_order":0,"comment_status":"closed","ping_status":"closed","template":"","meta":{"footnotes":""},"class_list":["post-989","page","type-page","status-publish","hentry"],"_links":{"self":[{"href":"https:\/\/events.esgrima.cat\/sabadell\/wp-json\/wp\/v2\/pages\/989","targetHints":{"allow":["GET"]}}],"collection":[{"href":"https:\/\/events.esgrima.cat\/sabadell\/wp-json\/wp\/v2\/pages"}],"about":[{"href":"https:\/\/events.esgrima.cat\/sabadell\/wp-json\/wp\/v2\/types\/page"}],"author":[{"embeddable":true,"href":"https:\/\/events.esgrima.cat\/sabadell\/wp-json\/wp\/v2\/users\/6"}],"replies":[{"embeddable":true,"href":"https:\/\/events.esgrima.cat\/sabadell\/wp-json\/wp\/v2\/comments?post=989"}],"version-history":[{"count":9,"href":"https:\/\/events.esgrima.cat\/sabadell\/wp-json\/wp\/v2\/pages\/989\/revisions"}],"predecessor-version":[{"id":2250,"href":"https:\/\/events.esgrima.cat\/sabadell\/wp-json\/wp\/v2\/pages\/989\/revisions\/2250"}],"wp:attachment":[{"href":"https:\/\/events.esgrima.cat\/sabadell\/wp-json\/wp\/v2\/media?parent=989"}],"curies":[{"name":"wp","href":"https:\/\/api.w.org\/{rel}","templated":true}]}}